{"id":2020,"date":"2023-04-26T13:20:58","date_gmt":"2023-04-26T11:20:58","guid":{"rendered":"https:\/\/aeronautica.be\/?post_type=job_listing&#038;p=2020"},"modified":"2023-04-26T13:20:58","modified_gmt":"2023-04-26T11:20:58","slug":"responsable-projets-peb-secteur-construction","status":"publish","type":"job_listing","link":"https:\/\/aeronautica.be\/nl\/vacature\/responsable-projets-peb-secteur-construction\/","title":{"rendered":"Responsable Projets PEB &#8211; Secteur Construction"},"content":{"rendered":"<p><strong>DESCRIPTION DE LA MISSION<\/strong><br \/>\nNotre client, bas\u00e9 pr\u00e8s de <strong>Louvain-la-Neuve<\/strong>, est une soci\u00e9t\u00e9 sp\u00e9cialis\u00e9e dans la performance \u00e9nerg\u00e9tique des b\u00e2timents. Ils recherchent un\/une <strong>Responsable de projets PEB afin d\u2019accompagner les clients B2B dans leur transition \u00e9nerg\u00e9tique<\/strong>.<\/p>\n<p><strong>Vos missions seront de :<\/strong><br \/>\n\u25aa G\u00e9rer l\u2019ensemble des projets, de l\u2019\u00e9tude \u00e0 la r\u00e9alisation finale<br \/>\n\u25aa R\u00e9aliser les audits \u00e9nerg\u00e9tiques et r\u00e9diger les rapports qui en d\u00e9coulent<br \/>\n\u25aa Participer activement \u00e0 la conception et \u00e0 l\u2019optimisation \u00e9nerg\u00e9tique de b\u00e2timents dans diff\u00e9rents secteurs<br \/>\n\u25aa Coordonner les relations entre les diff\u00e9rents partenaires du projet<br \/>\n\u25aa \u00catre constamment \u00e0 jour en termes de r\u00e9glementations wallonnes et bruxelloises<br \/>\n\u25aa Assurer une veille technique continue en mati\u00e8re d\u2019innovations<\/p>\n<p><strong>PROFIL RECHERCH\u00c9<\/strong><br \/>\n\u25aa Formation et certification pour Responsable PEB ou Conseiller PEB<br \/>\n\u25aa Exp\u00e9rience de 2 ans minimum dans une fonction \u00e9quivalente<br \/>\n\u25aa Expertise dans les r\u00e9glementations PEB bruxelloise et wallonne<br \/>\n\u25aa Connaissance en techniques sp\u00e9ciales, mat\u00e9riaux de construction et isolation<br \/>\n\u25aa Orient\u00e9 solution client<br \/>\n\u25aa Bon relationnel, esprit d\u2019\u00e9quipe<br \/>\n\u25aa A l\u2019aise en r\u00e9daction et en communication<br \/>\n\u25aa Motiv\u00e9 et bonne organisation<\/p>\n<p>\n<strong>INFORMATIONS PRATIQUES<\/strong><br \/>\n\u25aa Langues : fran\u00e7ais, anglais B2 minimum et le n\u00e9erlandais B2 minimum<br \/>\n\u25aa Lieu : Ottignies-Louvain-la-Neuve<br \/>\n\u25aa Contrat propos\u00e9 : CDI<\/p>\n","protected":false},"author":3,"featured_media":0,"template":"","meta":{"_promoted":"","_job_location":"Louvain-la-Neuve","_application":"recrutement@aeronautica.be","_company_name":"","_company_website":"","_company_tagline":"","_company_twitter":"","_company_video":"","_filled":0,"_featured":0,"_remote_position":0,"_job_salary":"","_job_salary_currency":"","_job_salary_unit":""},"job-categories":[10],"job-types":[],"class_list":["post-2020","job_listing","type-job_listing","status-publish","hentry"],"translation":{"provider":"WPGlobus","version":"3.0.2","language":"nl","enabled_languages":["fr","en","nl"],"languages":{"fr":{"title":true,"content":true,"excerpt":false},"en":{"title":false,"content":false,"excerpt":false},"nl":{"title":false,"content":false,"excerpt":false}}},"_links":{"self":[{"href":"https:\/\/aeronautica.be\/nl\/wp-json\/wp\/v2\/job-listings\/2020","targetHints":{"allow":["GET"]}}],"collection":[{"href":"https:\/\/aeronautica.be\/nl\/wp-json\/wp\/v2\/job-listings"}],"about":[{"href":"https:\/\/aeronautica.be\/nl\/wp-json\/wp\/v2\/types\/job_listing"}],"author":[{"embeddable":true,"href":"https:\/\/aeronautica.be\/nl\/wp-json\/wp\/v2\/users\/3"}],"wp:attachment":[{"href":"https:\/\/aeronautica.be\/nl\/wp-json\/wp\/v2\/media?parent=2020"}],"wp:term":[{"taxonomy":"job_listing_category","embeddable":true,"href":"https:\/\/aeronautica.be\/nl\/wp-json\/wp\/v2\/job-categories?post=2020"},{"taxonomy":"job_listing_type","embeddable":true,"href":"https:\/\/aeronautica.be\/nl\/wp-json\/wp\/v2\/job-types?post=2020"}],"curies":[{"name":"wp","href":"https:\/\/api.w.org\/{rel}","templated":true}]}}

<p><strong>DESCRIPTION DE LA MISSION</strong><br />
Notre client, basé près de <strong>Louvain-la-Neuve</strong>, est une société spécialisée dans la performance énergétique des bâtiments. Ils recherchent un/une <strong>Responsable de projets PEB afin d’accompagner les clients B2B dans leur transition énergétique</strong>.</p>
<p><strong>Vos missions seront de :</strong><br />
▪ Gérer l’ensemble des projets, de l’étude à la réalisation finale<br />
▪ Réaliser les audits énergétiques et rédiger les rapports qui en découlent<br />
▪ Participer activement à la conception et à l’optimisation énergétique de bâtiments dans différents secteurs<br />
▪ Coordonner les relations entre les différents partenaires du projet<br />
▪ Être constamment à jour en termes de réglementations wallonnes et bruxelloises<br />
▪ Assurer une veille technique continue en matière d’innovations</p>
<p><strong>PROFIL RECHERCHÉ</strong><br />
▪ Formation et certification pour Responsable PEB ou Conseiller PEB<br />
▪ Expérience de 2 ans minimum dans une fonction équivalente<br />
▪ Expertise dans les réglementations PEB bruxelloise et wallonne<br />
▪ Connaissance en techniques spéciales, matériaux de construction et isolation<br />
▪ Orienté solution client<br />
▪ Bon relationnel, esprit d’équipe<br />
▪ A l’aise en rédaction et en communication<br />
▪ Motivé et bonne organisation</p>
<p>
<strong>INFORMATIONS PRATIQUES</strong><br />
▪ Langues : français, anglais B2 minimum et le néerlandais B2 minimum<br />
▪ Lieu : Ottignies-Louvain-la-Neuve<br />
▪ Contrat proposé : CDI</p>
