{"id":1904,"date":"2023-01-16T15:18:41","date_gmt":"2023-01-16T14:18:41","guid":{"rendered":"https:\/\/aeronautica.be\/?post_type=job_listing&#038;p=1904"},"modified":"2023-01-16T15:18:41","modified_gmt":"2023-01-16T14:18:41","slug":"pilote-du-systeme-de-gestion-integree-secteur-electricite","status":"publish","type":"job_listing","link":"https:\/\/aeronautica.be\/nl\/vacature\/pilote-du-systeme-de-gestion-integree-secteur-electricite\/","title":{"rendered":"Pilote du syst\u00e8me de gestion int\u00e9gr\u00e9e &#8211; Secteur Electricit\u00e9"},"content":{"rendered":"<p><strong>DESCRIPTION DE LA MISSION<\/strong><\/p>\n<p>Notre client, localis\u00e9 \u00e0 la fronti\u00e8re fran\u00e7aise, non loin de Mons, est une soci\u00e9t\u00e9 sp\u00e9cialis\u00e9e dans le domaine de la conception et la fabrication de machines \u00e9lectriques. Il recherche un\/une pilote du syst\u00e8me de gestion int\u00e9gr\u00e9e.<\/p>\n<p>Vos missions seront de :<br \/>\n\u25aa Assurer le maintien des certifications ISO 9001, 45001, 14001 et autres <br \/>\n\u25aa G\u00e9rer les audits pour l\u2019\u00e9valuation du maintien des certifications, les plans d\u2019actions suite aux audits, les revues et \u00e9valuations de processus<br \/>\n\u25aa Se joindre \u00e0 la r\u00e9daction des proc\u00e9dures et documents n\u00e9cessaires \u00e0 la mise en place et suivi du syst\u00e8me int\u00e9gr\u00e9 <br \/>\n\u25aa R\u00e9aliser les plans annuels \u00e0 l\u2019aide des \u00e9quipes qualit\u00e9 et s\u00e9curit\u00e9\/environnement<br \/>\n\u25aa R\u00e9diger les plans d\u2019assurance qualit\u00e9 <br \/>\n\u25aa Apporter un soutien aux op\u00e9rations dans leurs projets d\u2019am\u00e9lioration<br \/>\n\u25aa \u00catre en charge de la gestion du syst\u00e8me d\u2019information<\/p>\n<p>&nbsp;<\/p>\n<p>\n<strong>PROFIL RECHERCH\u00c9<\/strong><\/p>\n<p>\u25aa Bachelier ou Master <br \/>\n\u25aa Avoir une exp\u00e9rience d\u2019au moins 3 ans dans le domaine<br \/>\n\u25aa Bonne maitrise des normes et r\u00e9f\u00e9rentiels ISO et ASME <br \/>\n\u25aa Bonne communication<br \/>\n\u25aa \u00catre disponible pour des d\u00e9placements \u00e0 l\u2019\u00e9trangers<\/p>\n<p>&nbsp;<\/p>\n<p><strong>INFORMATIONS PRATIQUES<\/strong><\/p>\n<p>\u25aa Langues : fran\u00e7ais, anglais<br \/>\n\u25aa Lieu : Nord de France <br \/>\n\u25aa Contrat propos\u00e9 : CDI<\/p>\n","protected":false},"author":3,"featured_media":0,"template":"","meta":{"_promoted":"","_job_location":"Mons","_application":"recrutement@aeronautica.be","_company_name":"","_company_website":"","_company_tagline":"","_company_twitter":"","_company_video":"","_filled":0,"_featured":0,"_remote_position":0,"_job_salary":"","_job_salary_currency":"","_job_salary_unit":""},"job-categories":[15],"job-types":[],"class_list":["post-1904","job_listing","type-job_listing","status-publish","hentry"],"translation":{"provider":"WPGlobus","version":"3.0.2","language":"nl","enabled_languages":["fr","en","nl"],"languages":{"fr":{"title":true,"content":true,"excerpt":false},"en":{"title":false,"content":false,"excerpt":false},"nl":{"title":false,"content":false,"excerpt":false}}},"_links":{"self":[{"href":"https:\/\/aeronautica.be\/nl\/wp-json\/wp\/v2\/job-listings\/1904","targetHints":{"allow":["GET"]}}],"collection":[{"href":"https:\/\/aeronautica.be\/nl\/wp-json\/wp\/v2\/job-listings"}],"about":[{"href":"https:\/\/aeronautica.be\/nl\/wp-json\/wp\/v2\/types\/job_listing"}],"author":[{"embeddable":true,"href":"https:\/\/aeronautica.be\/nl\/wp-json\/wp\/v2\/users\/3"}],"wp:attachment":[{"href":"https:\/\/aeronautica.be\/nl\/wp-json\/wp\/v2\/media?parent=1904"}],"wp:term":[{"taxonomy":"job_listing_category","embeddable":true,"href":"https:\/\/aeronautica.be\/nl\/wp-json\/wp\/v2\/job-categories?post=1904"},{"taxonomy":"job_listing_type","embeddable":true,"href":"https:\/\/aeronautica.be\/nl\/wp-json\/wp\/v2\/job-types?post=1904"}],"curies":[{"name":"wp","href":"https:\/\/api.w.org\/{rel}","templated":true}]}}

Pilote du système de gestion intégrée &#8211; Secteur Electricité

<p><strong>DESCRIPTION DE LA MISSION</strong></p>
<p>Notre client, localisé à la frontière française, non loin de Mons, est une société spécialisée dans le domaine de la conception et la fabrication de machines électriques. Il recherche un/une pilote du système de gestion intégrée.</p>
<p>Vos missions seront de :<br />
▪ Assurer le maintien des certifications ISO 9001, 45001, 14001 et autres <br />
▪ Gérer les audits pour l’évaluation du maintien des certifications, les plans d’actions suite aux audits, les revues et évaluations de processus<br />
▪ Se joindre à la rédaction des procédures et documents nécessaires à la mise en place et suivi du système intégré <br />
▪ Réaliser les plans annuels à l’aide des équipes qualité et sécurité/environnement<br />
▪ Rédiger les plans d’assurance qualité <br />
▪ Apporter un soutien aux opérations dans leurs projets d’amélioration<br />
▪ Être en charge de la gestion du système d’information</p>
<p>&nbsp;</p>
<p>
<strong>PROFIL RECHERCHÉ</strong></p>
<p>▪ Bachelier ou Master <br />
▪ Avoir une expérience d’au moins 3 ans dans le domaine<br />
▪ Bonne maitrise des normes et référentiels ISO et ASME <br />
▪ Bonne communication<br />
▪ Être disponible pour des déplacements à l’étrangers</p>
<p>&nbsp;</p>
<p><strong>INFORMATIONS PRATIQUES</strong></p>
<p>▪ Langues : français, anglais<br />
▪ Lieu : Nord de France <br />
▪ Contrat proposé : CDI</p>
