{"id":1848,"date":"2022-10-21T11:15:13","date_gmt":"2022-10-21T09:15:13","guid":{"rendered":"https:\/\/aeronautica.be\/?post_type=job_listing&#038;p=1848"},"modified":"2022-10-21T11:21:26","modified_gmt":"2022-10-21T09:21:26","slug":"electromecanicien-industriel-secteur-pharmaceutique","status":"publish","type":"job_listing","link":"https:\/\/aeronautica.be\/nl\/vacature\/electromecanicien-industriel-secteur-pharmaceutique\/","title":{"rendered":"\u00c9lectrom\u00e9canicien Industriel &#8211; Secteur Pharmaceutique"},"content":{"rendered":"<p><strong>DESCRIPTION DE LA MISSION<\/strong><\/p>\n<p>Notre client, localis\u00e9 pr\u00e8s de Marche-en-Famenne, est une soci\u00e9t\u00e9 d\u2019ing\u00e9nierie sp\u00e9cialis\u00e9e dans l\u2019industrie <br \/>\n pharmaceutique. Il recherche un <strong>\u00c9lectrom\u00e9canicien Industriel afin de coordonner les interventions<\/strong>.<\/p>\n<p>Vos missions seront de :<\/p>\n<p>\u25aa Assurer un suivi journalier de l\u2019\u00e9tat des installations<br \/>\n \u25aa Remonter les informations pertinentes au responsable<br \/>\n \u25aa Participer aux renforts des \u00e9quipes lors de travaux de maintenance<br \/>\n \u25aa Veiller au rendement des installations<br \/>\n\u00a0 \u00a0o Rapport de stabilit\u00e9<br \/>\n\u00a0 \u00a0o Rapport de co\u00fbts de fonctionnement<br \/>\n \u25aa D\u00e9panner les installations critiques <br \/>\n \u25aa Etablir des rapports d\u2019am\u00e9liorations continues en maintenance pr\u00e9ventive et pr\u00e9dictive<\/p>\n<p>&nbsp;<\/p>\n<p><strong>PROFIL RECHERCH\u00c9<\/strong><\/p>\n<p>\u25aa Etude sup\u00e9rieure en \u00e9lectrom\u00e9canique <br \/>\n \u25aa Maitrise de RGIE industriel, suite Office<br \/>\n \u25aa Connaissance en CAO Electricit\u00e9 et en r\u00e9seaux informatiques <br \/>\n \u25aa Connaissance des automates Siemens constitue un r\u00e9el atout <br \/>\n \u25aa Autonome, rigoureux, analytique, flexible<br \/>\n \u25aa Orient\u00e9 r\u00e9solution de probl\u00e8me<br \/>\n \u25aa Motiv\u00e9 et bonne organisation<\/p>\n<p>&nbsp;<\/p>\n<p><strong>INFORMATIONS PRATIQUES<\/strong><\/p>\n<p>\u25aa Langues : fran\u00e7ais<br \/>\n \u25aa Lieu : Marche-en-Famenne<br \/>\n \u25aa Contrat propos\u00e9 : CDI<\/p>\n","protected":false},"author":3,"featured_media":0,"template":"","meta":{"_promoted":"","_job_location":"Marche-en-Famenne","_application":"recrutement@aeronautica.be","_company_name":"","_company_website":"","_company_tagline":"","_company_twitter":"","_company_video":"","_filled":0,"_featured":0,"_remote_position":0,"_job_salary":"","_job_salary_currency":"","_job_salary_unit":""},"job-categories":[18],"job-types":[],"class_list":["post-1848","job_listing","type-job_listing","status-publish","hentry"],"translation":{"provider":"WPGlobus","version":"3.0.2","language":"nl","enabled_languages":["fr","en","nl"],"languages":{"fr":{"title":true,"content":true,"excerpt":false},"en":{"title":false,"content":false,"excerpt":false},"nl":{"title":false,"content":false,"excerpt":false}}},"_links":{"self":[{"href":"https:\/\/aeronautica.be\/nl\/wp-json\/wp\/v2\/job-listings\/1848","targetHints":{"allow":["GET"]}}],"collection":[{"href":"https:\/\/aeronautica.be\/nl\/wp-json\/wp\/v2\/job-listings"}],"about":[{"href":"https:\/\/aeronautica.be\/nl\/wp-json\/wp\/v2\/types\/job_listing"}],"author":[{"embeddable":true,"href":"https:\/\/aeronautica.be\/nl\/wp-json\/wp\/v2\/users\/3"}],"wp:attachment":[{"href":"https:\/\/aeronautica.be\/nl\/wp-json\/wp\/v2\/media?parent=1848"}],"wp:term":[{"taxonomy":"job_listing_category","embeddable":true,"href":"https:\/\/aeronautica.be\/nl\/wp-json\/wp\/v2\/job-categories?post=1848"},{"taxonomy":"job_listing_type","embeddable":true,"href":"https:\/\/aeronautica.be\/nl\/wp-json\/wp\/v2\/job-types?post=1848"}],"curies":[{"name":"wp","href":"https:\/\/api.w.org\/{rel}","templated":true}]}}

Électromécanicien Industriel &#8211; Secteur Pharmaceutique

<p><strong>DESCRIPTION DE LA MISSION</strong></p>
<p>Notre client, localisé près de Marche-en-Famenne, est une société d’ingénierie spécialisée dans l’industrie <br />
 pharmaceutique. Il recherche un <strong>Électromécanicien Industriel afin de coordonner les interventions</strong>.</p>
<p>Vos missions seront de :</p>
<p>▪ Assurer un suivi journalier de l’état des installations<br />
 ▪ Remonter les informations pertinentes au responsable<br />
 ▪ Participer aux renforts des équipes lors de travaux de maintenance<br />
 ▪ Veiller au rendement des installations<br />
   o Rapport de stabilité<br />
   o Rapport de coûts de fonctionnement<br />
 ▪ Dépanner les installations critiques <br />
 ▪ Etablir des rapports d’améliorations continues en maintenance préventive et prédictive</p>
<p>&nbsp;</p>
<p><strong>PROFIL RECHERCHÉ</strong></p>
<p>▪ Etude supérieure en électromécanique <br />
 ▪ Maitrise de RGIE industriel, suite Office<br />
 ▪ Connaissance en CAO Electricité et en réseaux informatiques <br />
 ▪ Connaissance des automates Siemens constitue un réel atout <br />
 ▪ Autonome, rigoureux, analytique, flexible<br />
 ▪ Orienté résolution de problème<br />
 ▪ Motivé et bonne organisation</p>
<p>&nbsp;</p>
<p><strong>INFORMATIONS PRATIQUES</strong></p>
<p>▪ Langues : français<br />
 ▪ Lieu : Marche-en-Famenne<br />
 ▪ Contrat proposé : CDI</p>
