{"id":2000,"date":"2023-04-19T10:41:39","date_gmt":"2023-04-19T08:41:39","guid":{"rendered":"https:\/\/aeronautica.be\/?post_type=job_listing&#038;p=2000"},"modified":"2023-04-19T10:41:39","modified_gmt":"2023-04-19T08:41:39","slug":"responsable-planificateur-h-f-x-secteur-mecanique","status":"publish","type":"job_listing","link":"https:\/\/aeronautica.be\/en\/job\/responsable-planificateur-h-f-x-secteur-mecanique\/","title":{"rendered":"Responsable Planificateur (H\/F\/X) &#8211; Secteur M\u00e9canique"},"content":{"rendered":"<p><strong>DESCRIPTION DE LA MISSION<\/strong><br \/>\nNotre client, localis\u00e9 <strong>\u00e0 la fronti\u00e8re fran\u00e7aise<\/strong>, non loin de <strong>Mons<\/strong>, est une soci\u00e9t\u00e9 sp\u00e9cialis\u00e9e dans le domaine de la conception et la fabrication de machines \u00e9lectriques. Il recherche <strong>un\/une responsable planificateur<\/strong> afin de coordonner le planning et ordonnancement.<\/p>\n<p><strong>Vos missions seront de :<\/strong><\/p>\n<ul>\n<li>Elaborer des m\u00e9thodes et outils pour assurer le fonctionnement optimal du service<\/li>\n<li>Assurer la liaison entre le service projet et les activit\u00e9s internes<\/li>\n<li>R\u00e9agir aux demandes du d\u00e9partement commercial au sujet du planning de la production<\/li>\n<li>Transmettre les donn\u00e9es aux divers ateliers de production<\/li>\n<li>Garantir l\u2019organisation des r\u00e9unions de coordination avec les autres d\u00e9partements<\/li>\n<li>Maintenir l\u2019\u00e9quilibre entre la charge de travail et les ressources de l\u2019entreprise<\/li>\n<li>Emettre des recommandations en fonction des priorit\u00e9s<\/li>\n<li>Veiller de mani\u00e8re particuli\u00e8re aux postes cruciaux de la cha\u00eene de fabrication<\/li>\n<li>Fournir un rapport sur l\u2019\u00e9volution des t\u00e2ches en cours<\/li>\n<li>Surveiller attentivement les \u00e9ch\u00e9ances fix\u00e9es<\/li>\n<\/ul>\n<p><strong>PROFIL RECHERCH\u00c9<\/strong><\/p>\n<ul>\n<li>Bachelier ou Master en Supply Chain ou logistique<\/li>\n<li>Une premi\u00e8re exp\u00e9rience dans une fonction similaire<\/li>\n<li>Bon relationnel, esprit d\u2019\u00e9quipe<\/li>\n<li>Curieux, autonome<\/li>\n<\/ul>\n<p><strong>INFORMATIONS PRATIQUES<\/strong><\/p>\n<ul>\n<li>Langues : fran\u00e7ais<\/li>\n<li>Lieu : Nord de France<\/li>\n<li>Contrat propos\u00e9 : CDI<\/li>\n<li>Package salarial attractif et complet<\/li>\n<\/ul>\n","protected":false},"author":3,"featured_media":0,"template":"","meta":{"_promoted":"","_job_location":"Mons","_application":"recrutement@aeronautica.be","_company_name":"","_company_website":"","_company_tagline":"","_company_twitter":"","_company_video":"","_filled":0,"_featured":0,"_remote_position":0,"_job_salary":"","_job_salary_currency":"","_job_salary_unit":""},"job-categories":[16],"job-types":[],"class_list":["post-2000","job_listing","type-job_listing","status-publish","hentry"],"translation":{"provider":"WPGlobus","version":"3.0.2","language":"en","enabled_languages":["fr","en","nl"],"languages":{"fr":{"title":true,"content":true,"excerpt":false},"en":{"title":false,"content":false,"excerpt":false},"nl":{"title":false,"content":false,"excerpt":false}}},"_links":{"self":[{"href":"https:\/\/aeronautica.be\/en\/wp-json\/wp\/v2\/job-listings\/2000","targetHints":{"allow":["GET"]}}],"collection":[{"href":"https:\/\/aeronautica.be\/en\/wp-json\/wp\/v2\/job-listings"}],"about":[{"href":"https:\/\/aeronautica.be\/en\/wp-json\/wp\/v2\/types\/job_listing"}],"author":[{"embeddable":true,"href":"https:\/\/aeronautica.be\/en\/wp-json\/wp\/v2\/users\/3"}],"wp:attachment":[{"href":"https:\/\/aeronautica.be\/en\/wp-json\/wp\/v2\/media?parent=2000"}],"wp:term":[{"taxonomy":"job_listing_category","embeddable":true,"href":"https:\/\/aeronautica.be\/en\/wp-json\/wp\/v2\/job-categories?post=2000"},{"taxonomy":"job_listing_type","embeddable":true,"href":"https:\/\/aeronautica.be\/en\/wp-json\/wp\/v2\/job-types?post=2000"}],"curies":[{"name":"wp","href":"https:\/\/api.w.org\/{rel}","templated":true}]}}

Responsable Planificateur (H/F/X) &#8211; Secteur Mécanique

<p><strong>DESCRIPTION DE LA MISSION</strong><br />
Notre client, localisé <strong>à la frontière française</strong>, non loin de <strong>Mons</strong>, est une société spécialisée dans le domaine de la conception et la fabrication de machines électriques. Il recherche <strong>un/une responsable planificateur</strong> afin de coordonner le planning et ordonnancement.</p>
<p><strong>Vos missions seront de :</strong></p>
<ul>
<li>Elaborer des méthodes et outils pour assurer le fonctionnement optimal du service</li>
<li>Assurer la liaison entre le service projet et les activités internes</li>
<li>Réagir aux demandes du département commercial au sujet du planning de la production</li>
<li>Transmettre les données aux divers ateliers de production</li>
<li>Garantir l’organisation des réunions de coordination avec les autres départements</li>
<li>Maintenir l’équilibre entre la charge de travail et les ressources de l’entreprise</li>
<li>Emettre des recommandations en fonction des priorités</li>
<li>Veiller de manière particulière aux postes cruciaux de la chaîne de fabrication</li>
<li>Fournir un rapport sur l’évolution des tâches en cours</li>
<li>Surveiller attentivement les échéances fixées</li>
</ul>
<p><strong>PROFIL RECHERCHÉ</strong></p>
<ul>
<li>Bachelier ou Master en Supply Chain ou logistique</li>
<li>Une première expérience dans une fonction similaire</li>
<li>Bon relationnel, esprit d’équipe</li>
<li>Curieux, autonome</li>
</ul>
<p><strong>INFORMATIONS PRATIQUES</strong></p>
<ul>
<li>Langues : français</li>
<li>Lieu : Nord de France</li>
<li>Contrat proposé : CDI</li>
<li>Package salarial attractif et complet</li>
</ul>
