{"id":1943,"date":"2023-02-14T09:15:53","date_gmt":"2023-02-14T08:15:53","guid":{"rendered":"https:\/\/aeronautica.be\/?post_type=job_listing&#038;p=1943"},"modified":"2023-02-14T09:15:53","modified_gmt":"2023-02-14T08:15:53","slug":"referent-maintenance-secteur-industrie-du-packaging","status":"publish","type":"job_listing","link":"https:\/\/aeronautica.be\/en\/job\/referent-maintenance-secteur-industrie-du-packaging\/","title":{"rendered":"R\u00e9f\u00e9rent Maintenance &#8211; Secteur Industrie du Packaging"},"content":{"rendered":"<p><strong>DESCRIPTION DE LA MISSION<\/strong><br \/>\nNotre client, localis\u00e9 pr\u00e8s de <strong>Wavre<\/strong>, est une soci\u00e9t\u00e9 sp\u00e9cialis\u00e9e principalement dans l\u2019industrie du plastique.<br \/>\nIl recherche <strong>un\/une R\u00e9f\u00e9rent Maintenance<\/strong> afin de planifier, d\u00e9velopper et g\u00e9rer la maintenance<br \/>\npr\u00e9ventive.<\/p>\n<p>&nbsp;<\/p>\n<p><strong>Vos missions seront de :<\/strong><br \/>\n\u25aa Intervenir sur les machines<br \/>\n\u25aa G\u00e9rer l\u2019intervention des sous-traitants \u2013 planning, aspects techniques et co\u00fbts<br \/>\n\u25aa G\u00e9rer les niveaux de stockes des pi\u00e8ces de rechange et des outils de maintenance<br \/>\n\u25aa Mettre \u00e0 jour la documentation sur les machines et les produits<br \/>\n\u25aa Suivre les KPI et les pr\u00e9senter au top management<br \/>\n\u25aa Planifier et suivre le budget annuel<br \/>\n\u25aa Travailler en fonction des r\u00e8gles de s\u00e9curit\u00e9 et selon le syst\u00e8me de qualit\u00e9 interne<\/p>\n<p>&nbsp;<\/p>\n<p>\n<strong>PROFIL RECHERCH\u00c9<\/strong><br \/>\n\u25aa Bachelier en \u00e9lectrom\u00e9canique ou exp\u00e9riences \u00e9quivalentes<br \/>\n\u25aa Minimum 8 ans d\u2019exp\u00e9rience<br \/>\n\u25aa Savoir utiliser un ERP<br \/>\n\u25aa Exp\u00e9rience avec des PLC<br \/>\n\u25aa Homme de terrain<br \/>\n\u25aa Bon relationnel et autonome<br \/>\n\u25aa Flexible pour intervenir sur deux sites<br \/>\n\u25aa Proactif et dynamique<\/p>\n<p>&nbsp;<\/p>\n<p>\n<strong>INFORMATIONS PRATIQUES<\/strong><br \/>\n\u25aa Langues : fran\u00e7ais, anglais technique, le n\u00e9erlandais est un atout<br \/>\n\u25aa Lieu : Wavre<br \/>\n\u25aa Contrat propose\u0301 : CDI<\/p>\n","protected":false},"author":3,"featured_media":0,"template":"","meta":{"_promoted":"","_job_location":"Wavre","_application":"recrutement@aeronautica.be","_company_name":"","_company_website":"","_company_tagline":"","_company_twitter":"","_company_video":"","_filled":0,"_featured":0,"_remote_position":0,"_job_salary":"","_job_salary_currency":"","_job_salary_unit":""},"job-categories":[18],"job-types":[],"class_list":["post-1943","job_listing","type-job_listing","status-publish","hentry"],"translation":{"provider":"WPGlobus","version":"3.0.2","language":"en","enabled_languages":["fr","en","nl"],"languages":{"fr":{"title":true,"content":true,"excerpt":false},"en":{"title":false,"content":false,"excerpt":false},"nl":{"title":false,"content":false,"excerpt":false}}},"_links":{"self":[{"href":"https:\/\/aeronautica.be\/en\/wp-json\/wp\/v2\/job-listings\/1943","targetHints":{"allow":["GET"]}}],"collection":[{"href":"https:\/\/aeronautica.be\/en\/wp-json\/wp\/v2\/job-listings"}],"about":[{"href":"https:\/\/aeronautica.be\/en\/wp-json\/wp\/v2\/types\/job_listing"}],"author":[{"embeddable":true,"href":"https:\/\/aeronautica.be\/en\/wp-json\/wp\/v2\/users\/3"}],"wp:attachment":[{"href":"https:\/\/aeronautica.be\/en\/wp-json\/wp\/v2\/media?parent=1943"}],"wp:term":[{"taxonomy":"job_listing_category","embeddable":true,"href":"https:\/\/aeronautica.be\/en\/wp-json\/wp\/v2\/job-categories?post=1943"},{"taxonomy":"job_listing_type","embeddable":true,"href":"https:\/\/aeronautica.be\/en\/wp-json\/wp\/v2\/job-types?post=1943"}],"curies":[{"name":"wp","href":"https:\/\/api.w.org\/{rel}","templated":true}]}}

Référent Maintenance &#8211; Secteur Industrie du Packaging

<p><strong>DESCRIPTION DE LA MISSION</strong><br />
Notre client, localisé près de <strong>Wavre</strong>, est une société spécialisée principalement dans l’industrie du plastique.<br />
Il recherche <strong>un/une Référent Maintenance</strong> afin de planifier, développer et gérer la maintenance<br />
préventive.</p>
<p>&nbsp;</p>
<p><strong>Vos missions seront de :</strong><br />
▪ Intervenir sur les machines<br />
▪ Gérer l’intervention des sous-traitants – planning, aspects techniques et coûts<br />
▪ Gérer les niveaux de stockes des pièces de rechange et des outils de maintenance<br />
▪ Mettre à jour la documentation sur les machines et les produits<br />
▪ Suivre les KPI et les présenter au top management<br />
▪ Planifier et suivre le budget annuel<br />
▪ Travailler en fonction des règles de sécurité et selon le système de qualité interne</p>
<p>&nbsp;</p>
<p>
<strong>PROFIL RECHERCHÉ</strong><br />
▪ Bachelier en électromécanique ou expériences équivalentes<br />
▪ Minimum 8 ans d’expérience<br />
▪ Savoir utiliser un ERP<br />
▪ Expérience avec des PLC<br />
▪ Homme de terrain<br />
▪ Bon relationnel et autonome<br />
▪ Flexible pour intervenir sur deux sites<br />
▪ Proactif et dynamique</p>
<p>&nbsp;</p>
<p>
<strong>INFORMATIONS PRATIQUES</strong><br />
▪ Langues : français, anglais technique, le néerlandais est un atout<br />
▪ Lieu : Wavre<br />
▪ Contrat proposé : CDI</p>
