{"id":1746,"date":"2022-08-18T11:16:24","date_gmt":"2022-08-18T09:16:24","guid":{"rendered":"https:\/\/aeronautica.be\/?post_type=job_listing&#038;p=1746"},"modified":"2022-08-18T11:16:24","modified_gmt":"2022-08-18T09:16:24","slug":"technico-commercial-nl-secteur-materiaux","status":"publish","type":"job_listing","link":"https:\/\/aeronautica.be\/en\/job\/technico-commercial-nl-secteur-materiaux\/","title":{"rendered":"Technico-Commercial NL &#8211; Secteur Mat\u00e9riaux"},"content":{"rendered":"<p><strong>DESCRIPTION DE LA MISSION<\/strong><\/p>\n<p>&nbsp;<\/p>\n<p>Notre client, localis\u00e9 pr\u00e8s de Mons, est une soci\u00e9t\u00e9 leader mondial dans la conception et la fabrication de mat\u00e9riaux \u00e0 base de mati\u00e8re renouvelable.<\/p>\n<p>Il recherche un\/une<strong> technico-commercial pour la Flandre afin de conseiller au mieux les clients actuels et futurs. <\/strong><\/p>\n<p>Vos missions seront de\u00a0:<\/p>\n<p>&nbsp;<\/p>\n<ul>\n<li>Garantir des r\u00e9ponses pertinentes et justes \u00e0 vos clients<\/li>\n<li>Conseiller\u00a0vos clients face \u00e0 leurs challenges et apporter des solutions ad\u00e9quates<\/li>\n<li>Construire une relation longue dur\u00e9e, de partenariat et sur base win-win<\/li>\n<li>V\u00e9rifier les d\u00e9lais en interne pour r\u00e9pondre aux cahiers de charges et d\u00e9lais clients<\/li>\n<li>D\u00e9velopper le r\u00e9seau commercial de l\u2019entreprise<\/li>\n<li>Valider la strat\u00e9gie commerciale et roadmap pr\u00e9visionnelle<\/li>\n<\/ul>\n<p>&nbsp;<\/p>\n<p>&nbsp;<\/p>\n<p><strong>PROFIL RECHERCH\u00c9<\/strong><\/p>\n<p><strong>\u00a0<\/strong><\/p>\n<ul>\n<li>Dipl\u00f4me sup\u00e9rieur en vente, marketing, sciences commerciales ou \u00e9quivalent<\/li>\n<li>Avoir une exp\u00e9rience de minimum 3 ans dans un poste de commercial<\/li>\n<li>\u00catre \u00e0 l\u2019aise avec les processus de production et produits industriels<\/li>\n<li>Tr\u00e8s bon relationnel, fin n\u00e9gociateur et empathique<\/li>\n<li>Dynamique, passionn\u00e9 et motiv\u00e9<\/li>\n<li>Esprit d\u2019\u00e9quipe<\/li>\n<\/ul>\n<p>&nbsp;<\/p>\n<p><strong>INFORMATIONS PRATIQUES<\/strong><\/p>\n<p><strong>\u00a0<\/strong><\/p>\n<ul>\n<li>Langues : fran\u00e7ais, n\u00e9erlandais et anglais<\/li>\n<li>Lieu : Flandre Occidentale<\/li>\n<li>Contrat propose\u0301 : CDI<\/li>\n<\/ul>\n","protected":false},"author":3,"featured_media":0,"template":"","meta":{"_promoted":"","_job_location":"Mons","_application":"recrutement@aeronautica.be","_company_name":"","_company_website":"","_company_tagline":"","_company_twitter":"","_company_video":"","_filled":0,"_featured":0,"_remote_position":0,"_job_salary":"","_job_salary_currency":"","_job_salary_unit":""},"job-categories":[9],"job-types":[],"class_list":["post-1746","job_listing","type-job_listing","status-publish","hentry"],"translation":{"provider":"WPGlobus","version":"3.0.2","language":"en","enabled_languages":["fr","en","nl"],"languages":{"fr":{"title":true,"content":true,"excerpt":false},"en":{"title":false,"content":false,"excerpt":false},"nl":{"title":false,"content":false,"excerpt":false}}},"_links":{"self":[{"href":"https:\/\/aeronautica.be\/en\/wp-json\/wp\/v2\/job-listings\/1746","targetHints":{"allow":["GET"]}}],"collection":[{"href":"https:\/\/aeronautica.be\/en\/wp-json\/wp\/v2\/job-listings"}],"about":[{"href":"https:\/\/aeronautica.be\/en\/wp-json\/wp\/v2\/types\/job_listing"}],"author":[{"embeddable":true,"href":"https:\/\/aeronautica.be\/en\/wp-json\/wp\/v2\/users\/3"}],"wp:attachment":[{"href":"https:\/\/aeronautica.be\/en\/wp-json\/wp\/v2\/media?parent=1746"}],"wp:term":[{"taxonomy":"job_listing_category","embeddable":true,"href":"https:\/\/aeronautica.be\/en\/wp-json\/wp\/v2\/job-categories?post=1746"},{"taxonomy":"job_listing_type","embeddable":true,"href":"https:\/\/aeronautica.be\/en\/wp-json\/wp\/v2\/job-types?post=1746"}],"curies":[{"name":"wp","href":"https:\/\/api.w.org\/{rel}","templated":true}]}}

Technico-Commercial NL &#8211; Secteur Matériaux

<p><strong>DESCRIPTION DE LA MISSION</strong></p>
<p>&nbsp;</p>
<p>Notre client, localisé près de Mons, est une société leader mondial dans la conception et la fabrication de matériaux à base de matière renouvelable.</p>
<p>Il recherche un/une<strong> technico-commercial pour la Flandre afin de conseiller au mieux les clients actuels et futurs. </strong></p>
<p>Vos missions seront de :</p>
<p>&nbsp;</p>
<ul>
<li>Garantir des réponses pertinentes et justes à vos clients</li>
<li>Conseiller vos clients face à leurs challenges et apporter des solutions adéquates</li>
<li>Construire une relation longue durée, de partenariat et sur base win-win</li>
<li>Vérifier les délais en interne pour répondre aux cahiers de charges et délais clients</li>
<li>Développer le réseau commercial de l’entreprise</li>
<li>Valider la stratégie commerciale et roadmap prévisionnelle</li>
</ul>
<p>&nbsp;</p>
<p>&nbsp;</p>
<p><strong>PROFIL RECHERCHÉ</strong></p>
<p><strong> </strong></p>
<ul>
<li>Diplôme supérieur en vente, marketing, sciences commerciales ou équivalent</li>
<li>Avoir une expérience de minimum 3 ans dans un poste de commercial</li>
<li>Être à l’aise avec les processus de production et produits industriels</li>
<li>Très bon relationnel, fin négociateur et empathique</li>
<li>Dynamique, passionné et motivé</li>
<li>Esprit d’équipe</li>
</ul>
<p>&nbsp;</p>
<p><strong>INFORMATIONS PRATIQUES</strong></p>
<p><strong> </strong></p>
<ul>
<li>Langues : français, néerlandais et anglais</li>
<li>Lieu : Flandre Occidentale</li>
<li>Contrat proposé : CDI</li>
</ul>
